s the value of -37 - (-174 + (-50 - -174))?
13
Calculate (-10 - (-35 + 15)) + 3.
13
What is the value of -266 + 268 - (-39 + 94)?
-53
Evaluate -70 - (82 + -210) - (-13 + 3).
68
What is the value of -6 - (-31 - -21 - 29)?
33
Calculate -7 - (-7 + (5 - 1 - (-68 + 50))).
-22
Calculate (-147 - (-288 + -4)) + -142.
3
What is -63 - ((-63 - -59) + -58)?
-1
What is (-7 - (-5 - (-16 - -9))) + (-69 - 4 - -7)?
-75
What is 109 + -116 + (-1 - (-2 - (6 - (3 - -4))))?
-7
What is -21 - 3 - (7 + 11 + -28) - 4?
-18
What is 345 - 340 - (-42 - -2)?
45
(-69 - 77) + 79 - 81
-148
-112 + 10 + (-76 - -36) + 84
-58
Calculate (-3 - 1 - (0 + 2 + -4)) + (-56826 - -56897).
69
Calculate (-367 - -364) + (-4 + 3 - (61 + -1)) - -4.
-60
What is the value of -3 - -20 - (-49 + 96)?
-30
What is the value of 274 - -84 - 399 - (0 - (1 + -8))?
-48
Calculate (1 - 4 - (77 + -57)) + -18.
-41
71 + (-103 - 9) + 58
17
What is (28 - 75 - -144) + -78?
19
-109 - -65 - 16 - (1 + -24)
-37
Evaluate (2 - -19) + -105 + (14 - (3 + -6)).
-67
What is -1 + -90 + 83 + -21?
-29
What is (35 - 0) + (244 + -142 - 132)?
5
Calculate -2 + (-19 - (1 - (2 - (-22 + (11 - -2))))).
-11
What is 58 - (24 + -20) - -21?
75
What is the value of 1 + (1 - 0) + (-100 - -74) + 59?
35
(-9 - -2 - (-58 - -59)) + 38 - 13
17
Evaluate -5 + (-11 - (3 - 4)) + -61 + 84.
8
What is the value of 89 + -1 + (341 - (489 + -121))?
61
What is the value of -4 + (-6 - 4) + (-563 - -586)?
9
Calculate 4 + -3 - (12 - 8) - (21 + -4 + -9).
-11
What is the value of -3 + -8 - ((-17 - -1) + 25)?
-20
(14 - 4) + (-70 - (-95 + 2)) + (-1 - 7)
25
Evaluate -39 - (-72 - -45) - (1 - 2 - 37).
26
58 - ((-57 - 15) + 206)
-76
98 - (26 + (21 - 8))
59
(-26 + 6 + 7 - -4) + 8
-1
Calculate 20 + 40 + (-12 + -7 - -1) + -9.
33
What is (12 - -3) + (-263 - -217)?
-31
(-15 + 20 - -1 - -18) + 7 + -2
29
-10 - (5 + (2 - ((125 - 18) + 1)))
91
Calculate 0 + 4 + (-15 - -3) + -17 + 9.
-16
What is -21 + (-27 - -24 - -3) - -72?
51
Evaluate (16 - 104) + (-3 - -1 - -15) - -6.
-69
What is the value of 66 + -38 - (-103 + 49)?
82
Calculate (-2 - -43) + -1909 + 1821.
-47
What is -25 + 0 + (6 - 1) - (433 - 590)?
137
What is the value of 30 - (-24 + -23 + 49 - 28)?
56
What is the value of (79 - (4 + 29) - 35) + (23 - -1)?
35
Calculate 43 + (31 - 90 - -43).
27
What is (84 + (4 - 8) - (22 - 14)) + 21 + -12?
81
What is -37 + (-237 - -125 - -153)?
4
Evaluate 7 - ((62 - -23) + -11 - 26).
-41
What is the value of (4 + (64 + -56 - (1 - -35)) - 10) + -6?
-40
Calculate -45 + (-42 - -72) + 19 - 9.
-5
Evaluate -14 + -10 + (-1 - 3 - -6 - 6 - -6).
-22
Calculate (16 - 10) + -24 + 18 - 21 - -57.
36
What is -41 - ((64 - 60) + (-1 - 20))?
-24
(26 - -3) + 6 - (-1 + 2) - 3
31
What is -7 + 10 + (0 - -14 - 121) - -11?
-93
Calculate (-58 - -18) + 67 - -40.
67
Calculate 55 - (3 + -2) - (47 - (-49 - -93)).
51
Calculate 28 + -1 + (-2512 - -2473) + -75.
-87
Calculate 8 + -10 + 12 + -22 + 102 + 19.
109
Evaluate 51 - (44 + -60 - -75).
-8
-9 + -17 + (25 - (20 - 0))
-21
Calculate -25 + (26 - 16) + 10 - 20.
-25
-6 + 23 + (1 - 24) + 40
34
Evaluate (-57 - -18) + (53 - 18) + -24.
-28
Evaluate (30 - 11) + 9 - (-1 - 1 - (1 - -7)).
38
Calculate -257 - -257 - (0 + 1) - (-75 + 17).
57
Evaluate (-1 - -7) + (-67 - -132) + 4 + 2 + -13.
64
(-11 - -1 - (2509 - 2529)) + (0 - -2) + -43
-31
Evaluate 3 + 0 + 2 + -28 + 63 + 9.
49
Calculate (130 - 165) + (-3 - -2) + (-21 - -19).
-38
What is the value of -10 - (-19 + 5) - (-2 + -15)?
21
What is the value of 6 + -1 - (-32 + 24 + -1 + 9 - -149)?
-144
What is the value of -5 + (1 + -13 + 7 - (10 - 13)) + -22?
-29
53 - (-13 + -1 + 37 + -15)
45
Calculate 82 + -1 + (2 - (-2 + 2 + -19 + 9)).
93
11 - (-4 + 9 + (-14 - (-12 - -9)) + 14)
3
What is the value of 12 + (0 - -1) + -1 + -42 + (-80 - -29)?
-81
What is the value of 824 + -840 + 22 + 0 - 38?
-32
(-38 - -9) + 12 + (3 - 10 - (-6 + 5))
-23
What is the value of -1 + -1 + (-99 - (-81 + 26))?
-46
Calculate 14 - (-10 + -9 + -10 + 35).
8
Evaluate -220 + 70 - -223 - (1 + 35).
37
What is the value of 144 - (44 + -11) - 51?
60
What is (-47 - -25) + 93 - (-15 + 6 + 25)?
55
Evaluate 2 + (0 + -7 - (-75 - -65) - 10) - -68.
63
Evaluate (-7 - -116 - (-20 + (37 - 7))) + (-3 - 10).
86
Calculate (13 - 33 - 23 - 33) + 40.
-36
Calculate -55 - (6 + (3 - (1 + -1) - (-6 - -13))).
-57
What is the value of (28 - (0 + 26)) + (-3 + 7 - (-17 - -1))?
22
What is 30 + (-51 - (-11 - 4) - -17)?
11
(10 - -52) + 10 + -64 + (-1 - -1) + 90
98
-32 - -1 - (-180 + 181)
-32
What is -36 - (-90 - -91 - (-10 + 1) - (-2 - -20))?
-28
Calculate (-3 - 81) + -367 + 405 + 166.
120
Evaluate (40 - 27) + -42 + 28 - -34.
33
Evaluate 6 - ((-1 - -8) + (-38 - (46 + -34)) + -8).
57
Evaluate 43 - 0 - (-1 - (4 + -5) - (-102 - -101)).
42
What is -31 + (-44 + 16 - (-19 + 8))?
-48
0 + 3 - (-23 + (-21 - (-37 + 12)))
22
What is -8 + -8 + 27 + 0 + 160 + -141?
30
Evaluate 8 + -2 - (-33 - -40) - (-14 + 21 + -7).
-1
49 + -72 - (-16 - -10)
-17
What is the value of (27 - 0) + (81 - (-61 + 138))?
31
What is -476 + 478 + (1 - -16) - -1?
20
What is the value of -4 + 4 + (-3 - -8) + 120 + -125 - -69?
69
What is the value of 44 + (-92 - -47) - 7?
-8
What is the value of 38 - ((13 - -7 - 15) + 11)?
22
What is the value of -57 - (12 + (-53 - 64))?
48
What is -4 + (7 - -3) - (-86 + 85 - (-1 + -136))?
-130
What is the value of -27 + 100 + -148 + -2 + -4?
-81
(-5 - -38 - 25) + -9 + 75
74
What is the value of 35 + -32 - (6 + 1 + 1) - -4?
-1
What is the value of -1 + (2 - -1) - -31 - (-1 + (-44 - -36))?
42
What is 12 + (-44 - -25 - 25)?
-32
What is the value of (-36 + 29 - (2 - 0)) + 2?
-7
What is the value of 2 - -6 - -9 - (-8 + (-98 - -31))?
92
Evaluate -2622 + 2624 - (-3 - -137).
-132
Calculate -22 + (0 - (11 - 18) - -4) + -89.
-100
Evaluate -57 - (-45 - (-2 - -8)).
-6
Evaluate -20 + 112 - 34 - (6 + 4).
48
What is the value of 75 + -1 + (2994 - 3047)?
21
What is 29 - -4 - (214 + -174)?
-7
What is the value of (3223 - 3255) + (-32 - -1)?
-63
Calculate -6 + (20 + -1 + 1 - (-19092 + 19081)).
25
What is 29 + (34 - (-66 + 28)) - (-3 + 14)?
90
Evaluate 0 + 2 + 1 + -44 + (38 - 31).
-34
Evaluate -3 + (-25 - -17 - -16) - (-44 + -2 + 5).
46
Evaluate -84 + 129 + -25 + 2 + -12.
10
Evaluate 24 + (-13 - (-6 + (-17 + 10 - 4))).
28
What is the value of 11 + -76 - 4 - (30 - 61)?
-38
Evaluate (19 - (16 + -5)) + -29 + 2.
-19
Calculate -17 + -1 - (-5 + (-56 - -49)) - 56.
-62
Calculate 3 + -5 + -1 - (-6 + -8 + 40 - 0).
-29
What is the value of -26 + (-15 - (0 + 32 + -67))?
-6
-29 + (21 - 59) + 78 + -34
-23
Calculate (-1 - 32) + (-3875 - -3908).
0
What is the value of -8 - -18 - (9 - (-5 + 2) - 6) - -61?
65
Evaluate 93 + -143 + 58 + 18 + 2.
28
What is (3 + -4 - (-82 + 165)) + 1?
-83
Calculate -3 + -13 - (-18 + (-45 - -91)).
-44
Evaluate -1 + 0 + -7 + (-2492 - -2460) - (-5 + -2).
-33
Calculate -86 + 74 - (-15 - 2) - (-27 + -7).
39
What is the value of -1 - 111 - (347 + -358) - (-26 - -18)?
-93
What is the value of -10 + (13 - (32 - 18)) + -1 + 20?
8
Calculate -4 - (-2 - -9) - (-5 + (-11 - -56)) - -8.
-43
Calculate 16 - (-10 + 4 + 13 - (-10 + 2)).
1
What is 113 - (-116 + 238 - 119)?
110
What is the value of -53 + 0 + -1 + (17 - (24 + -6) - 8)?
-63
(-29 - 2) + 1 + (74 - (22 + 51))
-29
What is 60 - (-15 + (60 - -4))?
11
Evaluate 2 + 12 - (-50 + -7 - -77).
-6
Evaluate -67 - (-89 + -34) - 53.
3
(6 + -1 - (-490 + 498)) + (17 - (0 - 1))
15
Calculate -1 + -1 + -11 - (-4 + (47 - 48)).
-8
Evaluate (20 - 2 - 18 - 13) + (7 - 15).
-21
Calculate (40 - 67) + 45 + -126 + 14.
-94
Evaluate 10 + -8 + (4 + (-5 - (-14 - -4)) - 4).
7
Calculate (-15 - 1) + (18 - 62) + -8.
-68
Calculate 4043 + -4049 - (-3 + -48).
45
Calculate 92 + -59 - (5 - (-37 + 17)).
8
Evaluate -11 - 97 - -86 - (-1 + -70).
49
What is (-1 - (-35 + 38)) + 13?
9
What is (17 - (-271 - -6)) + -143?
139
Calculate (27 + -21 + 13 - -24) + 26 + -7.
62
Evaluate -26 - -1 - (-983 + 989).
-31
Evaluate -16 + 28 + -29 - -24 - 10.
-3
Evaluate 0 - (100 + 3) - (-21 + 18 + -16 + 18).
-102
-16 - (-14 + -3) - (44 + -18)
-25
Evaluate (362 - 356) + (1 - 121).
-114
Evaluate (10 - 20) + 29 - (-26 - (17 - 36)).
26
8 + -2 - (206 - (-62 + 182))
-80
What is the value of (30 - 22) + (-72 - (-12 - (-12 - -6)))?
-58
What is the value of (10 - 4) + 32 + 17 + -27 + 17?
45
-77 + (-14 - (-23 - -5) - -9) - -12
-52
What is the val